 is the highest common divisor of h and 4?
1
Suppose -1448 - 151 = -13*p. Calculate the greatest common factor of 205 and p.
41
Let t = 68 + -47. Let p = -2 + t. Suppose 0 = -3*v + 8 + p. Calculate the highest common divisor of 27 and v.
9
Suppose -2*f - 4*t - 36 + 202 = 0, -5*f - t + 379 = 0. What is the greatest common factor of 15 and f?
15
Let i(d) = 6*d - 1. Let l be i(5). Suppose 0 = 5*j - 4*v - 350, 4*v - 83 = -2*j + l. Calculate the highest common divisor of j and 6.
6
Let j be 65 + -3 + (-4)/(-8)*0. What is the highest common divisor of j and 1054?
62
Let k = 81 + -77. Let i be ((-1)/k - (-3732)/(-48))/(-2). Calculate the greatest common factor of i and 312.
39
Let x = 27 + -37. Let m(j) = -j**2 - 11*j - 5. Let w be m(x). Let a(y) = 7*y - 14. Let i be a(w). What is the highest common factor of 189 and i?
21
Suppose -1670 = -18*w + 3622. Calculate the highest common factor of w and 84.
42
Let r be 7 + 16 + 21/(-3). Calculate the highest common factor of r and 512.
16
Suppose -12*v + 35 = -7*v. Let q be (-2)/v + 847/49 - 3. Calculate the greatest common divisor of q and 14.
14
Suppose 0 = -d + 2*o + 71, 0 = -5*d + 3*o + 2*o + 340. Suppose -20 = -5*s, 5*z + d = 2*s + 167. What is the highest common divisor of z and 44?
22
Let d(k) = -k**3 + 2*k + 3. Suppose -4*n = n - 140. Let q = n - 31. Let c be d(q). Calculate the greatest common factor of c and 12.
12
Let w(j) = 11*j + 14. Let o be w(10). Suppose 0*l - l = -4*i - o, -6 = 2*i. Let n be -2 - 1 - (-17 + -2). What is the highest common factor of n and l?
16
Let h be (-3)/(-7) - (-1 + 376/28). Let c be ((-40)/h)/(3/27). What is the highest common divisor of c and 10?
10
Let p be 4/(-6)*(-78)/(-4). Let l be p/(-78) - (-34)/12. Calculate the greatest common factor of 33 and l.
3
Suppose 5*m = 2*m + 12, -3*t + 44 = -m. Let s(b) = b**3 + 9*b**2 + 4*b. Let d be s(-4). Calculate the greatest common factor of d and t.
16
Suppose 17*f - 1166 - 621 - 1613 = 0. Suppose -r + 13 = y, -2*y + 0*r + 2*r = -6. What is the highest common divisor of f and y?
8
Suppose -5*l = 5*p - 65, 3*p + 46 = 2*l + 10. What is the greatest common factor of l and 345?
15
Let p = -268 - -356. Calculate the greatest common factor of 11 and p.
11
Let b = 197 + -137. Let g be 8/((-26)/(-3) - (0 + 8)). Calculate the highest common divisor of g and b.
12
Let u(f) = 206*f - 28. Let m be u(1). Calculate the greatest common divisor of m and 2.
2
Let r = 13 - 7. Suppose 5*z - r*z + 11 = 0. Calculate the highest common factor of z and 88.
11
Suppose 0 = 9*m - 257 - 13. Calculate the greatest common factor of 160 and m.
10
Suppose -5*p + 45 = -30. What is the greatest common factor of 9 and p?
3
Let r = 71 + -51. Let a = r - 12. What is the highest common divisor of 4 and a?
4
Let v = -29 + 32. Suppose 19 = p - 0*t - 2*t, t = 3*p - 72. Suppose 3*i = -v*l + 355 - 136, 5*l = -p. What is the highest common divisor of i and 52?
26
Suppose 23*y = 270 + 52. Calculate the greatest common factor of y and 161.
7
Let o(b) = -48 - 23 + 15*b - b**2 + 56. Let f be o(13). Calculate the greatest common divisor of 77 and f.
11
Let m be ((-27)/18)/(1 - (-645)/(-636)). What is the greatest common factor of m and 2?
2
Let d = -718 + 775. Calculate the highest common factor of 760 and d.
19
Let q = 0 + 12. Calculate the highest common divisor of q and 150.
6
Let o(z) = 86*z**2 - 10*z - 23. Let t be o(-2). Calculate the highest common divisor of 31 and t.
31
Let n = -96 - -66. Let h be 4*(n/(-4))/5. What is the highest common factor of 18 and h?
6
Let l(b) = b**2 + 5*b + 1. Let w be (-5)/20 - (-19)/(-4). Let p be l(w). Let h be (p*-11)/(9/(-90)). Calculate the highest common factor of 10 and h.
10
Suppose -17*t = -19*t. Suppose t = -3*a + 27. Calculate the greatest common factor of a and 18.
9
Let m(i) = i**2 - 16*i - 69. Let w be m(-9). What is the highest common divisor of w and 52?
52
Suppose 5*n - 2*m = 568, -m + 556 = 13*n - 8*n. Calculate the greatest common divisor of 196 and n.
28
Suppose 0 = -r + 29*k - 26*k + 44, 29 = r + 2*k. Suppose -2 = 2*x - 12. What is the highest common factor of x and r?
5
Let j be ((-6)/21)/((-3)/21). Let a be (j/(-4))/((-6)/72). What is the greatest common factor of a and 78?
6
Suppose -u - 9*x + 127 = -4*x, -4*x = -3*u + 286. What is the greatest common factor of 357 and u?
51
Let d(k) = k**3 - 25*k**2 + 27*k - 7. Let l be d(24). Calculate the greatest common divisor of l and 143.
13
Suppose -2*b + b = -7. Let m be 2/b - (-1309)/49. What is the highest common divisor of 108 and m?
27
Let r = -3 + 37. Suppose -5*v = -2*s - v - 10, 0 = -s - 5*v - 12. Let f be 8/28 + (-593)/s. Calculate the greatest common factor of r and f.
17
Suppose w - 262 = -5*g - w, -w + 104 = 2*g. Suppose 4*n - 5*n - 2*d = -90, 0 = -2*d. Suppose 4*h - n = -h. What is the highest common divisor of h and g?
18
Let y(h) = 20*h**2 + 12*h + 4. Let w be y(-2). Calculate the greatest common divisor of w and 110.
10
Let y be 1*(-10)/2 - (5 + -199). Calculate the highest common divisor of y and 42.
21
Suppose 5*q - 69 - 1 = 0. Let b be 231/q*(-4)/(-6). Suppose -3*t + 5*t - 66 = 0. Calculate the greatest common divisor of t and b.
11
Let q(c) = 180*c + 12. Let a be q(1). What is the highest common divisor of a and 320?
64
Let g(z) = -z**3 + 7*z**2 - 5*z + 2. Suppose -4*u + 0 = 3*c - 10, -4*c + u = -26. Let j be g(c). Calculate the highest common factor of j and 72.
8
Let r(p) = 5*p**3 + 10*p - 1. Let i be r(3). What is the greatest common divisor of 41 and i?
41
Let t be 24*4/12*11. What is the greatest common divisor of 16 and t?
8
Let a be (-64)/56*-7*11. What is the highest common divisor of 1452 and a?
44
Suppose 36*c + 7740 = 54*c. Calculate the highest common divisor of 30 and c.
10
Suppose -f - 307 = -315. What is the highest common factor of 32 and f?
8
Let j(f) = -10*f + 88. Let i be j(4). Calculate the greatest common divisor of 384 and i.
48
Let i(y) = 100*y + 819. Let z be i(-8). What is the highest common factor of z and 1387?
19
Suppose 22 - 13 = 3*v. Let j be (3/v)/(2/40). Let a(n) = -n**3 - 5*n**2 - 6*n - 4. Let u be a(-4). What is the highest common divisor of j and u?
4
Let c be (-5)/((-15)/9) - -3. Suppose 8 = c*d - 16. Suppose -d*h = -79 - 41. Calculate the highest common divisor of h and 45.
15
Suppose -2100 = 19*p - 47*p. What is the greatest common factor of 12 and p?
3
Suppose 961 = 4*p - 351. Suppose 134 - 566 = -5*d - 3*t, -4*d = -2*t - p. What is the greatest common factor of d and 14?
14
Let b = 368 - 322. What is the highest common divisor of 46 and b?
46
Suppose 656 = 4*w + 4*w. Let f = 154 - w. What is the greatest common factor of f and 48?
24
Suppose 8*w - 4*w - 20 = 0. Suppose 0 = -3*g - w*p - 14, -4*g + 5*p = 5 + 2. Let x be (-1)/2*-26 + g. What is the highest common divisor of x and 70?
10
Let l = 14174 - 14169. Let x(f) = 1 - 15*f - 8*f - 2. Let w be x(-2). Calculate the greatest common divisor of w and l.
5
Let q = -427 - -469. Calculate the greatest common divisor of 609 and q.
21
Let m = -50 + 2. Let y = m + 93. Calculate the greatest common factor of 30 and y.
15
Let l = 321 + -308. What is the highest common factor of 1 and l?
1
Let y = 65 - 52. Calculate the highest common factor of y and 13.
13
Let j = -12 + 58. Suppose -3*w + 250 = j. Let l = 39 - 22. Calculate the greatest common divisor of l and w.
17
Let u(h) = h + 7. Let n be u(-6). Let l be (-2 + n - 16) + 2. Let q be ((-18)/l)/((-6)/(-20)). What is the greatest common factor of 2 and q?
2
Suppose -7*c = -3*c + 20. Let s = 26 + c. Calculate the greatest common factor of 147 and s.
21
Let l(t) be the first derivative of -t**4/4 - 2*t**3 + 3*t**2/2 + 2*t - 13. Let q be l(-7). What is the highest common divisor of q and 12?
6
Let p(i) = -3*i**3 - 3*i**2 + 3*i - 1. Let n be p(3). Let w = 483 - 308. Let t = n + w. Calculate the greatest common divisor of t and 15.
15
Let q = 35 + -17. Suppose a = 5*s - 10, -3*s = -3*a - 0*a - q. Let z be (-14)/(a - -4) - -4. What is the greatest common divisor of 45 and z?
9
Suppose -3*i + 380 = 149. Let s be -5 - (-64)/(6 - 2). Calculate the greatest common factor of i and s.
11
Suppose 0 = -4*l, 0 = -2*q + 5*l + 75 + 249. Suppose 0 = -2*k + 37 + 23. Let x = k + -12. What is the highest common divisor of q and x?
18
Let t(